11) in base 15?
dbbce
11221111122102 (base 3) to base 11
1535327
-3310000103 (base 4) to base 14
-1c032b
What is 13122243442 (base 5) in base 14?
2220428
Convert -2120012012111 (base 3) to base 5.
-322040140
Convert 14302825 (base 9) to base 7.
114150515
Convert -2594284 (base 10) to base 5.
-1131004114
Convert 32033222 (base 5) to base 9.
447477
336701 (base 12) to base 5
202220311
What is 4444546 (base 7) in base 2?
10000110000011010111
What is 11000011101001000111 (base 2) in base 9?
1451220
What is -33232341 (base 5) in base 6?
-10113145
-110011111101011000011 (base 2) to base 3
-10012111112002
Convert 31120003 (base 4) to base 15.
11377
-61946 (base 11) to base 16
-160cc
What is 10101000011011111111011 (base 2) in base 8?
25033773
-8b8c94 (base 14) to base 3
-22221022020012
1008130 (base 16) to base 15
1720c5d
Convert 12201021012222 (base 3) to base 12.
1025252
-1291724 (base 12) to base 4
-32000233030
Convert -1100425 (base 8) to base 15.
-5c6e4
Convert -9306964 (base 11) to base 6.
-1344142111
What is -414021332 (base 6) in base 8?
-33326770
-100224131 (base 5) to base 4
-1201111022
Convert 21120010010202 (base 3) to base 16.
3d4dd4
Convert -3960804 (base 11) to base 10.
-6852960
What is -a84067 (base 13) in base 11?
-2258a04
Convert 944068 (base 14) to base 9.
10367685
Convert -37134 (base 12) to base 9.
-123154
-3470 (base 16) to base 5
-412144
-3a7d54 (base 16) to base 4
-32213311110
Convert -1100001122111 (base 3) to base 15.
-e0494
What is 30311022320 (base 4) in base 3?
20022212212112
-4254540 (base 7) to base 14
-d6a20
Convert -1181229 (base 10) to base 6.
-41152353
Convert -1958d (base 16) to base 9.
-167366
Convert -b7f9d (base 16) to base 12.
-304111
-10210010220 (base 3) to base 6
-1332423
Convert 234533436 (base 7) to base 15.
142a0cc
What is 129204 (base 12) in base 5?
34244043
-112111210112021 (base 3) to base 5
-3433233442
-100111000011001010111 (base 2) to base 12
-5185b3
-1961509 (base 10) to base 8
-7367045
What is -100001001001110000110 (base 2) in base 15?
-166d2c
What is -112210012120002 (base 3) in base 9?
-15705502
What is -17d064 (base 15) in base 4?
-10122221113
Convert -2102220222200 (base 3) to base 13.
-365823
Convert 235412 (base 9) to base 10.
141761
813f54 (base 16) to base 11
48659a4
350500 (base 9) to base 6
4301513
What is -cd4596 (base 14) in base 7?
-113130146
What is 32905 (base 11) in base 13?
18918
Convert -48a79 (base 14) to base 2.
-101011011000010011
-53454564 (base 7) to base 5
-2131122213
-a664f (base 16) to base 13
-1ab2b0
What is 113230021301 (base 4) in base 11?
3561871
Convert -1256389 (base 11) to base 13.
-5b218b
What is 452023331 (base 6) in base 5?
4100333243
What is -43424342 (base 5) in base 14?
-9a2a6
What is -223205341 (base 6) in base 13?
-ac924c
Convert -325410315 (base 6) to base 2.
-10110010111110001000111
Convert 786b97 (base 15) to base 9.
11723527
What is 16319 (base 13) in base 7?
234146
-13223030 (base 5) to base 9
-222255
What is 21132 (base 16) in base 11?
92869
Convert 100101000110101000100010 (base 2) to base 13.
2027232
Convert -922521 (base 13) to base 16.
-33f0f9
4e068 (base 16) to base 13
b2610
Convert -1324040 (base 6) to base 3.
-10201202220
18148360 (base 9) to base 12
3081253
What is -211333014 (base 6) in base 14?
-6c9562
Convert 36677 (base 10) to base 13.
13904
What is -440287 (base 11) in base 3?
-1022201110221
Convert 17168656 (base 10) to base 15.
1792021
3aa0b (base 14) to base 10
144659
What is 13621263 (base 8) in base 12?
104b7ab
What is 111002021221 (base 3) in base 13?
902c8
Convert 20a767 (base 11) to base 8.
1220714
487ef (base 16) to base 11
193109
What is 44041 (base 5) in base 12?
18b9
What is -18541 (base 10) in base 16?
-486d
Convert 1000110001000111101101 (base 2) to base 9.
4282661
Convert 403460 (base 12) to base 5.
224014120
What is -136255 (base 7) in base 13?
-bc0b
Convert -90949 (base 13) to base 3.
-111010202221
What is -38ea9c (base 16) in base 10?
-3730076
Convert 528733 (base 10) to base 8.
2010535
161352 (base 7) to base 10
31740
-11001011010110 (base 2) to base 14
-4a58
What is 11030210320 (base 4) in base 16?
14c938
-6056210 (base 10) to base 12
-2040902
What is 140034004 (base 5) in base 16?
ac3e0
-5aa400 (base 16) to base 3
-102011210110022
What is 88da (base 15) in base 4?
13011031
What is -1348084 (base 9) in base 5?
-142200430
Convert -12b7a0 (base 14) to base 7.
-5331260
What is -21471b7 (base 12) in base 5?
-3104103443
Convert -111011110001011100 (base 2) to base 11.
-157a41
What is 24985 (base 13) in base 7?
400624
-2755301 (base 8) to base 6
-24352425
Convert 3155e (base 15) to base 7.
1221110
What is -1221211120 (base 3) in base 10?
-38517
-3434032 (base 6) to base 4
-222323210
What is -9e96 (base 16) in base 15?
-c068
-10011110011010110111111 (base 2) to base 4
-103303112333
What is -3221211 (base 5) in base 6?
-1100324
109c466 (base 13) to base 10
5110982
Convert -112223033110 (base 4) to base 12.
-1ba7b84
What is 100140 (base 5) in base 6?
22402
-6172 (base 15) to base 16
-5066
Convert 180c9b (base 13) to base 3.
1010120200222
-20420013 (base 5) to base 6
-3351024
Convert 56967 (base 11) to base 8.
240661
What is 102202211220002 (base 3) in base 4?
113313121013
Convert 33101321 (base 6) to base 2.
11110001001011110001
194a074 (base 11) to base 16
323f2f
101130113313 (base 4) to base 7
53603244
Convert -23144a (base 14) to base 12.
-49730a
-220687 (base 10) to base 15
-455c7
Convert -135432 (base 8) to base 16.
-bb1a
What is -246235 (base 8) in base 16?
-14c9d
Convert 142413344 (base 5) to base 12.
300a32
-40230023 (base 5) to base 15
-6500d
Convert 1022222021110 (base 3) to base 4.
2230313130
Convert -139999 (base 11) to base 13.
-783aa
Convert -287541 (base 11) to base 8.
-1555255
1010100011111000000 (base 2) to base 10
346048
134ca0 (base 14) to base 16
a2bac
-577436 (base 8) to base 11
-1245aa
212045451 (base 6) to base 12
1303887
Convert -3027134 (base 8) to base 11.
-4a5858
Convert 342038 (base 11) to base 16.
84ea4
-1001110101000100011101 (base 2) to base 12
-a43165
What is -2414234 (base 6) in base 15?
-277ea
33120102 (base 4) to base 14
18d58
What is 4220512 (base 7) in base 16?
7c552
243806 (base 12) to base 2
10001111010011000110
Convert -23290 (base 12) to base 7.
-254115
44011211 (base 6) to base 4
10333110313
Convert -11242403 (base 5) to base 10.
-102853
c09b2 (base 15) to base 9
1128305
314241420 (base 6) to base 16
5453f4
1202212101120 (base 3) to base 5
220122103
What is 255ad (base 14) in base 13?
32969
What is -1b768 (base 15) in base 8?
-256517
What is -bd30d (base 16) in base 7?
-6405154
-c278c4 (base 14) to base 4
-120333201310
What is -6467a (base 14) in base 16?
-3b444
Convert -14331300 (base 5) to base 12.
-7400b
Convert 365212 (base 9) to base 6.
4420015
What is -9588a (base 11) in base 6?
-2553442
-c29d6 (base 16) to base 13
-21baa8
Convert -5c4199 (base 14) to base 6.
-151432111
What is -8ac77 (base 15) in base 3?
-211102201011
-154240551 (base 6) to base 8
-14423523
709540 (base 11) to base 14
219637
What is 10302104 (base 6) in base 3?
120102122111
-101100101101110110111 (base 2) to base 12
-5a7b5b
What is 2387413 (base 9) in base 16?
13ce24
Convert -e01ac1 (base 15) to base 6.
-1015553344
Convert -1031011101 (base 4) to base 14.
-830c1
Convert 524024021 (base 6) to base 12.
3092011
-100001000100000001111 (base 2) to base 16
-10880f
2a10195 (base 13) to base 2
110011000110010111001000
100001010001001101 (base 2) to base 13
4a043
Convert -12513262 (base 7) to base 9.
-2136561
What is -1569a (base 13) in base 4?
-21323233
Convert -1848a (base 15) to base 8.
-231477
What is 117155 (base 11) in base 5?
21411230
Convert -243299 (base 10) to base 12.
-b896b
What is -72b406 (base 12) in base 3?
-10101121002120
7d910 (base 14) to base 9
516222
What is -10010210110001 (base 3) in base 8?
-6273616
-14362026 (base 7) to base 8
-5137470
-220010205 (base 6) to base 11
-2238570
Convert -9377553 (base 10) to base 2.
-100011110001011100010001
215245 (base 7) to base 10
37861
What is -41302023 (base 5) in base 10?
-337763
-12002021000022 (base 3) to base 2
-1010010011100101110010
Convert -537780 (base 12) to base 15.
-1b0eb3
Convert 3332044 (base 6) to base 13.
5b3c9
7732395 (base 10) to base 2
111